ds digit of 144?
1
What is the hundreds digit of 1081?
0
What is the thousands digit of 19497?
9
What is the units digit of 40672?
2
What is the units digit of 4674?
4
What is the hundreds digit of 27031?
0
What is the thousands digit of 5387?
5
What is the hundreds digit of 618?
6
What is the units digit of 786?
6
What is the units digit of 1322?
2
What is the hundreds digit of 452?
4
What is the ten thousands digit of 17271?
1
What is the units digit of 91?
1
What is the hundreds digit of 471?
4
What is the hundreds digit of 62083?
0
What is the hundreds digit of 1582?
5
What is the ten thousands digit of 20678?
2
What is the thousands digit of 6176?
6
What is the ten thousands digit of 47046?
4
What is the tens digit of 685?
8
What is the tens digit of 1135?
3
What is the hundreds digit of 51428?
4
What is the units digit of 157?
7
What is the units digit of 574?
4
What is the thousands digit of 1257?
1
What is the thousands digit of 3204?
3
What is the thousands digit of 32478?
2
What is the tens digit of 864?
6
What is the hundreds digit of 14197?
1
What is the hundreds digit of 493?
4
What is the hundreds digit of 2695?
6
What is the hundreds digit of 1546?
5
What is the thousands digit of 118298?
8
What is the thousands digit of 59517?
9
What is the thousands digit of 3308?
3
What is the units digit of 75?
5
What is the hundreds digit of 5530?
5
What is the hundreds digit of 114?
1
What is the tens digit of 34?
3
What is the units digit of 7490?
0
What is the ten thousands digit of 133324?
3
What is the thousands digit of 10907?
0
What is the hundreds digit of 13313?
3
What is the tens digit of 5229?
2
What is the hundreds digit of 2067?
0
What is the ten thousands digit of 22030?
2
What is the hundreds digit of 5002?
0
What is the units digit of 2440?
0
What is the thousands digit of 110457?
0
What is the thousands digit of 9628?
9
What is the hundreds digit of 2677?
6
What is the units digit of 52463?
3
What is the tens digit of 110?
1
What is the hundreds digit of 2253?
2
What is the tens digit of 2675?
7
What is the units digit of 3372?
2
What is the units digit of 2011?
1
What is the units digit of 1430?
0
What is the hundreds digit of 180?
1
What is the ten thousands digit of 18335?
1
What is the tens digit of 2825?
2
What is the tens digit of 4014?
1
What is the hundreds digit of 1273?
2
What is the thousands digit of 3417?
3
What is the hundreds digit of 428?
4
What is the units digit of 6200?
0
What is the thousands digit of 2653?
2
What is the tens digit of 37928?
2
What is the hundreds digit of 871?
8
What is the hundreds digit of 2171?
1
What is the thousands digit of 5642?
5
What is the units digit of 401?
1
What is the units digit of 19268?
8
What is the thousands digit of 6924?
6
What is the units digit of 5700?
0
What is the thousands digit of 3591?
3
What is the units digit of 779?
9
What is the units digit of 849?
9
What is the units digit of 80580?
0
What is the thousands digit of 43307?
3
What is the hundreds digit of 3026?
0
What is the units digit of 28929?
9
What is the tens digit of 741?
4
What is the hundreds digit of 14257?
2
What is the tens digit of 35269?
6
What is the tens digit of 55914?
1
What is the hundreds digit of 27302?
3
What is the hundreds digit of 235?
2
What is the thousands digit of 2676?
2
What is the hundreds digit of 3426?
4
What is the thousands digit of 1465?
1
What is the units digit of 29421?
1
What is the thousands digit of 2190?
2
What is the ten thousands digit of 135063?
3
What is the units digit of 14456?
6
What is the hundreds digit of 33206?
2
What is the units digit of 583?
3
What is the hundreds digit of 3669?
6
What is the thousands digit of 1650?
1
What is the thousands digit of 18101?
8
What is the units digit of 8998?
8
What is the tens digit of 113852?
5
What is the units digit of 5232?
2
What is the units digit of 980?
0
What is the hundreds digit of 43261?
2
What is the units digit of 346?
6
What is the thousands digit of 4965?
4
What is the thousands digit of 6042?
6
What is the units digit of 5952?
2
What is the units digit of 16?
6
What is the units digit of 1594?
4
What is the units digit of 81785?
5
What is the thousands digit of 1710?
1
What is the units digit of 11526?
6
What is the hundreds digit of 5867?
8
What is the hundreds digit of 26671?
6
What is the units digit of 1445?
5
What is the tens digit of 18172?
7
What is the hundreds digit of 1729?
7
What is the ten thousands digit of 57711?
5
What is the thousands digit of 5766?
5
What is the hundreds digit of 828?
8
What is the hundreds digit of 44477?
4
What is the units digit of 20924?
4
What is the tens digit of 15026?
2
What is the units digit of 351?
1
What is the hundreds digit of 2953?
9
What is the units digit of 7242?
2
What is the hundreds digit of 69988?
9
What is the units digit of 11282?
2
What is the tens digit of 13898?
9
What is the hundreds digit of 2215?
2
What is the hundreds digit of 13042?
0
What is the tens digit of 1294?
9
What is the hundreds digit of 807?
8
What is the thousands digit of 150134?
0
What is the thousands digit of 1051?
1
What is the hundreds digit of 1934?
9
What is the tens digit of 34658?
5
What is the hundreds digit of 16106?
1
What is the units digit of 1085?
5
What is the tens digit of 9012?
1
What is the thousands digit of 8965?
8
What is the hundreds digit of 3730?
7
What is the units digit of 9126?
6
What is the thousands digit of 1314?
1
What is the thousands digit of 16716?
6
What is the tens digit of 9129?
2
What is the thousands digit of 1306?
1
What is the units digit of 2778?
8
What is the units digit of 113490?
0
What is the units digit of 4021?
1
What is the thousands digit of 60422?
0
What is the tens digit of 27827?
2
What is the units digit of 1060?
0
What is the thousands digit of 3018?
3
What is the hundreds digit of 11528?
5
What is the units digit of 1433?
3
What is the hundreds digit of 745?
7
What is the hundreds digit of 730?
7
What is the units digit of 20307?
7
What is the thousands digit of 1101?
1
What is the thousands digit of 33877?
3
What is the hundreds digit of 13595?
5
What is the units digit of 10909?
9
What is the hundreds digit of 40433?
4
What is the thousands digit of 23948?
3
What is the hundreds digit of 164671?
6
What is the tens digit of 40190?
9
What is the hundreds digit of 12320?
3
What is the tens digit of 9375?
7
What is the hundreds digit of 4409?
4
What is the units digit of 2943?
3
What is the thousands digit of 19130?
9
What is the units digit of 249?
9
What is the tens digit of 1554?
5
What is the tens digit of 6028?
2
What is the tens digit of 1225?
2
What is the hundred thousands digit of 120260?
1
What is the hundreds digit of 785?
7
What is the thousands digit of 11456?
1
What is the tens digit of 4328?
2
What is the thousands digit of 1102?
1
What is the tens digit of 14938?
3
What is the thousands digit of 56822?
6
What is the tens digit of 525?
2
What is the hundred thousands digit of 111594?
1
What is the units digit of 19770?
0
What is the tens digit of 2662?
6
What is the tens digit of 3440?
4
What is the hundreds digit of 5011?
0
What is the hundreds digit of 1559?
5
What is the tens digit of 48240?
4
What is the thousands digit of 1530?
1
What is the hundreds digit of 5631?
6
What is the hundreds digit of 2687?
6
What is the ten thousands digit of 51195?
5
What is the tens digit of 8048?
4
What is the tens digit of 32145?
4
What is the ten thousands digit of 14434?
1
What is the thousands digit of 62624?
2
What is the thousands digit of 7610?
7
What is the hundreds digit of 27788?
7
What is the hundreds digit of 390?
3
What is the hundreds digit of 5733?
7
What is the hundreds digit of 14914?
9
What is the hundreds digit of 139554?
5
What is the units digit of 30699?
9
What is the hundreds digit of 6963?
9
What is the units digit of 1675?
5
What is the units digit of 96?
6
What is the thousands digit of 36636?
6
What is the hundreds digit of 3196?
1
What is the hundreds digit of 29896?
8
What is the units digit of 1575?
5
What is the hundreds digit of 13418?
4
What is the hundreds digit of 108301?
3
What is the hundreds digit of 7498?
4
What is the tens digit of 66130?
3
What is the tens digit of 1160